68
What is (-184 - -55 - -135) + (1 - (2 - -9))?
-4
What is the value of 3 + 46 + (-4 - -31) + -102?
-26
Evaluate 139 + -27 + -9 + -28 + 47.
122
38 + (-1 - -3) - (-64 + 132 + -72)
44
What is the value of 13 + (-15 - -24) + -16 + (-1 - -6) + -66?
-55
Evaluate 363 + -460 - (0 - 32) - (-2 + 1).
-64
What is the value of -9 + (37 - 7 - 22 - -4)?
3
(-2 - (-4 - 6)) + -27 + -13 + 67 + -48
-13
What is the value of 54 - (-5 - (-27 - -23) - (-4 - -19))?
70
Calculate (30 - -18) + -112 - -5.
-59
Calculate (-15 + 36 - 10) + (-25 - 1).
-15
Evaluate 5 + (-3 - 18) - -54.
38
What is 26 - (-12 - ((-7 + -4 - -17) + -9))?
35
What is the value of 19 - 1 - ((31 + 50 - 37) + 26)?
-52
Calculate -2 - -16 - (17 + (8 + 14 - -23) + -25).
-23
(-6 - (-115 + 7)) + (16 - (-15 - -43))
90
What is 24 - -8 - (165 + -89)?
-44
Calculate (42 + -41 - 5 - 30) + 29.
-5
Evaluate (1033 - 1121) + (29 - 0).
-59
Evaluate -2 - 125 - -1 - (74 + -109).
-91
What is 47 + -40 + (4 + 5 - 8) + -57?
-49
What is the value of 10 - (3 + -2) - (-822 - -819) - 65?
-53
What is the value of (-6 + 4 - -2) + (33 - (-8 - -9 - 5))?
37
What is the value of -13 - ((-12 - (21 - 55)) + 10)?
-45
Calculate 672 + -656 - (32 + -1 + 3).
-18
9 + (31 + 20 - 14) - 22
24
What is -25 + 20 + -26 - (-1 + -3 - -2)?
-29
(-2 - -2) + -1 + -46 - (120 + -73 + -42)
-52
What is -33 + 6 - (-10 + -9 + 7) - (-18 - 1)?
4
(-2 - -65) + 1 + (-4 - -2) + -52 + 41
51
(21 - 0) + (-640 - -593)
-26
-2 + 12 - (-576 + 483) - (-7 + 16)
94
(-1 - (1 - 2)) + -7 + (42561 - 42578)
-24
(1579 - 1541) + -2 + -1
35
Calculate -48 + (-80 - (-44 - -14) - -56).
-42
2107 + -2129 + 10 + 1 + -1 - -4 - 21
-29
What is the value of -59 + 14 + -43 + 125?
37
What is the value of -42 - (-19 - (20 - (0 - -25)))?
-28
What is -1 + -115 - (4006 + -4060)?
-62
What is the value of (-156 - -146) + (-15 - -4) + 3?
-18
-50 - -64 - (-9 + (-43 - (1 + 5)))
72
What is -334 + 316 + (3 - 2)?
-17
Calculate (-1 - -16) + 6 + -58 + -5.
-42
(20 - (-38 - -52)) + (3 + 76 - 2)
83
-60 + (-73 - -37) + 27
-69
Evaluate -17 - -9 - (-11 - (-49 - -5)).
-41
(-3 - (-3 + -4)) + (1 - -30) + 14 - 8
41
What is (-3 - -1) + -13 + (13 - 9) + -50 - -4?
-57
(25 - (262 - 124 - (20 + 4))) + (-1 - -6)
-84
Calculate (-1 - -64) + (-17 - ((-53 - -7) + 15) - 17).
60
What is -168 + 67 + (16 - -9) + -11?
-87
1 + -60 + (-53 - -60) - -8 - 0
-44
What is 4 - ((-17 - (9 + -21)) + 1 - -51)?
-43
What is 0 - 4 - 4 - (0 - -34 - (-315 + 333))?
-24
What is the value of -1 + 4 + -14 - (115 - 143)?
17
What is (-1 - (1 + -1 + -10) - 11 - -10) + 44?
52
Calculate (-79 - -20 - -46) + (1 - -1) - (28 + 2).
-41
What is the value of -15 + 40 + -11 + 7 + -4?
17
Evaluate (-52 - 21) + (9 - -3) + -6.
-67
What is -5 - (-3 - 0) - (-4 + (4 - -9) + -31)?
20
-9 - 2 - (29 + 11 - (59 - 3))
5
What is (8 + -4 - 1) + -9 + 6 - (27 + -9)?
-18
(-45 - -99) + 101 + -72
83
What is the value of (4 + -3 - -11) + (59 - 91)?
-20
Evaluate (0 - 1 - -37) + (-2 + -14 + 33 - 3).
50
Calculate (-1 - (-4 + (-6 - -2 - (1 + -59)))) + 0.
-51
Calculate -29 - (-29 - (-24 - -22) - 82).
80
Calculate 1 + (-2 - 3) + (20 - (10 - -8)).
-2
(-31 - -2) + -57 + 98 + 67
79
Evaluate 55 + -1 + 1 + (101 + -112 - -6).
50
Evaluate 2 + (-41 - (-8 - 28 - -19)).
-22
(-57 - (-70 + 91)) + 183
105
Evaluate (49 - -1) + (8 - (31 - 32) - 22).
37
What is the value of 19 + -6 + 25 + 16 + -18 + -128?
-92
Calculate (1 - 1) + 3 + 21094 + -21075.
22
(9 - (-12 - (9 - 7))) + (0 - -19)
42
What is the value of (-11 - -55 - 35) + 4?
13
Calculate (-2 + 24 - (91 - 81)) + -19.
-7
-42 + (16 - (-64 + 63))
-25
-76 + (-102 - (140 + -212))
-106
Calculate -17 + 1 + (26 + -26 - -7) + -46 + 3.
-52
What is 56 + -1 + 1 + (79 + -152 - -12) + 50?
45
Calculate -57 + 4 + 73 - (-3 + -3).
26
What is (19727 - 19763) + 1 + 19?
-16
(-1064 - -1073) + (71 - 2)
78
What is 4 + (-16 - -15 - 16) + 7 - -17?
11
Calculate (17 - (28 + -45) - 76) + -34.
-76
Evaluate 0 + 7 + -8 + (37 - (14 - 25)).
47
What is the value of -36 + 8 - (2 + 12)?
-42
What is the value of -68 - -85 - (9 + -4 + -5 + -5)?
22
Evaluate 0 + 16 + 2 - (173 - 129).
-26
Evaluate 103 + 1 + 1 - (-1184 + 1204).
85
Evaluate -1 + 1 + 11 - (-88 - -102) - (33 + 3).
-39
What is 98 + -223 + 134 - (-16 - (-2 - -2 - 1))?
24
What is the value of (-9 + (-4 - -3) - (0 - 10)) + 9 - -5?
14
What is the value of -113 + -112 + 235 - (-2 + -2 + 2 - -10)?
2
Calculate (11 - -1 - (-2 - -2)) + (98 - 192).
-82
-11 + 21 + -29 + (-11 - 8)
-38
-40 + 12 + 16 + 1 + 2 + -4
-13
What is (2 + -2 - 2 - (-51 - (-13 + 61))) + 7?
104
What is (-13 - -96) + -132 + 4?
-45
Evaluate -579 - -601 - (1 - -4).
17
Calculate (44 - 38) + -14 + 6.
-2
-10 + -2 - -2 - (-6 + 111 - 106)
-9
What is (-92 - -130) + (183 - 170)?
51
What is -243 - (13 + -86 + -28)?
-142
4 - (-3 + 1) - (-42 + -56 + 83)
21
What is (28 - 9 - 8 - 8) + 41 + -9?
35
Calculate (37 - 101) + 102 - (-2 - -13).
27
Calculate (-7 - 58 - -9) + 28.
-28
Calculate 24 - (21 - (54 - 38)).
19
What is the value of 22 + (-26 - 28) + 29?
-3
What is (273 - 280) + 4 + 4 + 0?
1
-14 - (-5 + 18 + -29) - -4 - 4
2
Evaluate -2 + (48 - 51) + -6 + 40 + 0 + 4.
33
13 + -1 + -52 + -19 - (21 + 2)
-82
-20 - -31 - -10 - (-13 + 11 - -6)
17
What is the value of 50 + 5 + -38 + 21?
38
What is -85 - -76 - (1 - (-6 + (-6 + 14 - 6)))?
-14
(-54 - (33 - (-19 + 41))) + -9
-74
Calculate -36 - (11 + 13 + -13 - 31).
-16
What is (8 - 6) + -11 + -23 - (1 + -10 + 2)?
-25
Evaluate -4 + 58 + -21 + 23 + -22.
34
What is 5 - (-53 + -35 + 42)?
51
Calculate -42 + (199 - (51 - -16)).
90
Calculate (5 - -11) + -2 + (44 - 36).
22
173 + -167 + (-30 - (5 + -4)) + 2
-23
-79 - (23 - 82 - 80)
60
Calculate (107 - (65 - 32)) + -42.
32
Evaluate 8 + (4 - 36) - (-76 - -59).
-7
What is (12 - 6) + -8 + (23 - -40 - (-4 + 1))?
64
-30 + (-30 - -44) + (12 - -2)
-2
Evaluate 13 - (4 + -19) - ((-4 - -12) + -1 - 14).
35
What is -15 + (-42 - -84 - -23 - 0)?
50
Evaluate 32 + (-1240 - -1246) + -19 + 1 + 1 + 0.
21
Evaluate -3 - (-125 + (5 + 0 - 3)) - (3202 - 3212).
130
What is 1 + (-2 - (-13 - -7 - -10 - 7)) + 21?
23
What is the value of -26 - ((0 - (18 + -3)) + 14)?
-25
What is the value of 16 - ((4 - -2) + (-242 - -207) + (0 - -21))?
24
What is -107 - ((-36 - (-3 + 19 - 19)) + 16)?
-90
What is the value of -162 + 90 - (-8 + 6 + -9)?
-61
What is the value of -11 + -24 + 50 + -14 + -2 + -1 + 51?
49
-21 + 97 + (-19 - 3) - 8
46
What is (-1 - (-4 + 89)) + 183 + -222 + (40 - 4)?
-89
Calculate 0 + -43 + (81 - -94) - (-5 + -3).
140
What is (-21 - -1 - -18) + (59 - -29)?
86
-1 + 1 + 5 + (14 - 33) + 46
32
88 - (126 + -75) - -38
75
-13 + (-12 + (3 - 2) - (-838 + 851))
-37
145 - 138 - (-11 - (-3 - 2))
13
What is 16 + (-12 - 11) + 24 + 44?
61
9 + -11 + 11 + 32 + -33 - (1 - 1)
8
Calculate 131 + -93 - (18 - 2) - -2.
24
What is the value of -336 + 348 - ((-3 - -3) + 1 + -4)?
15
What is the value of -2 + -65 + 24 + (-2 - 4) + (-13 - -4)?
-58
What is -43 + 60 + 11 - 122 - -24?
-70
Evaluate -8 - (-25 + 16 + -1 + -26 + -1).
29
Calculate 72 - ((-17 - (24 + -44)) + 26).
43
What is the value of 1 - 27 - -7 - (38 + -44)?
-13
What is 222 + -214 + (4 - ((1 - -4) + -2)) + -74?
-65
Evaluate -11 - ((-8 - (-2 + 2) - -20) + -30) - 103.
-96
What is (6 - (0 + 4 + -1)) + 9 + (-4 - -7)?
15
What is the value of -7374 + 7440 - (20 + -1)?
47
What is the value of 12 + (3 + -3 - -49 - (746 + -734))?
49
(-16 - (-28 + 8 + 7)) + -43
-46
(-6 - -2) + 41 + (-20 - (12 + (-27 - -6)))
26
What is the value of (-2 - (0 + -2)) + -21 + -1 + (147 - 92)?
33
What is the value of -2 - -12 - (0 - -10 - (-445 + 441))?
-4
What is the value of 70 + (-11 + -4 - (-10 - -2)) + 12?
75
What is (-114 - -86) + (42 - -1) + (1 - 1) + 55?
70
Evaluate (-90 + 73 - -72) + -58.
-3
Calculate (802 - 857) + -2 + 16 + 0.
-41
Calculate 56 - ((-17 - -11) + -1 + (6 - 7)).
64
Evaluate 25 + (8 - 4 - (58 + -66)).
37
What is the value of (-152 - 1) + (363 - (172 + 150))?
-112
3 + 4 + -98 + (-141 - -170)
-62
Evaluate -65 + 1 + -1 - ((-45 - 0) + 905 + -866).
-59
What is the value of 13 - (11 + 12) - -30 - -8?
28
(-3 - (5 - -5)) + 12 + 21
20
((0 - -7) + 77 + -95 - -11) + -53 + 0
-53
What is -36 + (23 - (4 + 20 + -5))?
-32
What is the value of -96 - (-4 + -14 - (-69 + 75))?
-72
What is the value of 54319 + -54191 + (0 - -5 - 1 - -2)?
134
What is the value of 145 - 0 - (-163 + 440 - 245)?
113
Evaluate (-144 - -67) + 67 + -64